{"id":1946,"date":"2013-07-02T21:35:10","date_gmt":"2013-07-02T20:35:10","guid":{"rendered":"http:\/\/www.tsv-rugby.de\/php\/wordpress\/?page_id=1946"},"modified":"2025-05-19T09:36:02","modified_gmt":"2025-05-19T07:36:02","slug":"international-espanol","status":"publish","type":"page","link":"https:\/\/www.tsv-rugby.de\/php\/wordpress\/international-espanol","title":{"rendered":"International &#8211; Espa\u00f1ol"},"content":{"rendered":"\n<p><strong>Handschuhsheim<\/strong> es un barrio de Heidelberg. El primer equipo juega en la primera divisi\u00f3n de Alemania y el segundo equipo juega en la regional divisi\u00f3n.<\/p>\n\n\n<div class=\"wp-block-image\">\n<figure class=\"aligncenter size-full\"><a href=\"https:\/\/www.tsv-rugby.de\/php\/wordpress\/wp-content\/uploads\/2023\/11\/DSC_7286.jpeg\"><img loading=\"lazy\" decoding=\"async\" width=\"800\" height=\"533\" src=\"https:\/\/www.tsv-rugby.de\/php\/wordpress\/wp-content\/uploads\/2023\/11\/DSC_7286.jpeg\" alt=\"\" class=\"wp-image-5709\" srcset=\"https:\/\/www.tsv-rugby.de\/php\/wordpress\/wp-content\/uploads\/2023\/11\/DSC_7286.jpeg 800w, https:\/\/www.tsv-rugby.de\/php\/wordpress\/wp-content\/uploads\/2023\/11\/DSC_7286-300x200.jpeg 300w, https:\/\/www.tsv-rugby.de\/php\/wordpress\/wp-content\/uploads\/2023\/11\/DSC_7286-768x512.jpeg 768w\" sizes=\"auto, (max-width: 800px) 100vw, 800px\" \/><\/a><figcaption class=\"wp-element-caption\">1. XV<\/figcaption><\/figure>\n<\/div>\n\n\n<p><strong>El primer equipo<\/strong> ha sido uno de los mejores equipos de Alemania desde hace muchos a\u00f1os. La mayor\u00eda de nuestros jugadores ha jugado desde su juventud en el TSV Handschuhsheim. Pero siempre hay jugadores de otros pa\u00edses y de otros clubes de Alemania a los que les gusta jugar en Heidelberg en el TSV Handschusheim. Nuestra intenci\u00f3n es mantener nuestra buena posici\u00f3n en el rugby de Alemania.<\/p>\n\n\n\n<p>Nuestro <strong>segundo equipo<\/strong> es una mezcla equilibrada de talentos j\u00f3venes y de jugadores con experiencia. A causa de nuestra buena reputaci\u00f3n y tambi\u00e9n de la corta distancia a la Universidad de Heidelberg muchos estudiantes deciden jugar para el club. Aparte de dar lo mejor en el campo, el aspecto social es tambi\u00e9n importante.<\/p>\n\n\n\n<p>Si est\u00e1s <strong>interesado en jugar en Heidelberg<\/strong> en el TSV Handschuhsheim, env\u00edale un mail a:&nbsp;<a href=\"mailto:sportlicher-leiter@tsv-rugby.de\">sportlicher-leiter (at) tsv-rugby . de<\/a><\/p>\n\n\n\n<p> Si est\u00e1s interesada jugar para el equipo femenino, env\u00edale un mail a: Hansj\u00f6rg Noll (<a href=\"mailto:frauen@tsv-rugby.de\">frauen (at) tsv-rugby . de<\/a>).<\/p>\n","protected":false},"excerpt":{"rendered":"<p>Handschuhsheim es un barrio de Heidelberg. El primer equipo juega en la primera divisi\u00f3n de Alemania y el segundo equipo juega en la regional divisi\u00f3n. El primer equipo ha sido uno de los mejores equipos de Alemania desde hace muchos a\u00f1os. La mayor\u00eda de nuestros jugadores ha jugado desde su juventud en el TSV Handschuhsheim. [&hellip;]<\/p>\n","protected":false},"author":12,"featured_media":0,"parent":0,"menu_order":420,"comment_status":"closed","ping_status":"closed","template":"","meta":{"footnotes":""},"class_list":["post-1946","page","type-page","status-publish","hentry"],"_links":{"self":[{"href":"https:\/\/www.tsv-rugby.de\/php\/wordpress\/wp-json\/wp\/v2\/pages\/1946","targetHints":{"allow":["GET"]}}],"collection":[{"href":"https:\/\/www.tsv-rugby.de\/php\/wordpress\/wp-json\/wp\/v2\/pages"}],"about":[{"href":"https:\/\/www.tsv-rugby.de\/php\/wordpress\/wp-json\/wp\/v2\/types\/page"}],"author":[{"embeddable":true,"href":"https:\/\/www.tsv-rugby.de\/php\/wordpress\/wp-json\/wp\/v2\/users\/12"}],"replies":[{"embeddable":true,"href":"https:\/\/www.tsv-rugby.de\/php\/wordpress\/wp-json\/wp\/v2\/comments?post=1946"}],"version-history":[{"count":0,"href":"https:\/\/www.tsv-rugby.de\/php\/wordpress\/wp-json\/wp\/v2\/pages\/1946\/revisions"}],"wp:attachment":[{"href":"https:\/\/www.tsv-rugby.de\/php\/wordpress\/wp-json\/wp\/v2\/media?parent=1946"}],"curies":[{"name":"wp","href":"https:\/\/api.w.org\/{rel}","templated":true}]}}