{"id":1955,"date":"2013-07-09T09:12:49","date_gmt":"2013-07-09T08:12:49","guid":{"rendered":"http:\/\/www.tsv-rugby.de\/php\/wordpress\/?page_id=1955"},"modified":"2023-11-04T17:54:45","modified_gmt":"2023-11-04T16:54:45","slug":"international-francais","status":"publish","type":"page","link":"https:\/\/www.tsv-rugby.de\/php\/wordpress\/international-francais","title":{"rendered":"International &#8211; Fran\u00e7ais"},"content":{"rendered":"\n<p>Le<strong> TSV Handschuhsheim<\/strong> joue avec sa premi\u00e8re \u00e9quipe dans la <strong>premi\u00e8re ligue<\/strong> <strong>sud<\/strong> (1. Bundesliga S\u00fcd) et avec sa deuxi\u00e8me \u00e9quipe dans la deuxi\u00e8me ligue&nbsp;sud (2. Bundesliga S\u00fcd).<\/p>\n\n\n<div class=\"wp-block-image\">\n<figure class=\"aligncenter size-full\"><a href=\"https:\/\/www.tsv-rugby.de\/php\/wordpress\/wp-content\/uploads\/2023\/11\/DSC_7286.jpeg\"><img loading=\"lazy\" decoding=\"async\" width=\"800\" height=\"533\" src=\"https:\/\/www.tsv-rugby.de\/php\/wordpress\/wp-content\/uploads\/2023\/11\/DSC_7286.jpeg\" alt=\"\" class=\"wp-image-5709\" srcset=\"https:\/\/www.tsv-rugby.de\/php\/wordpress\/wp-content\/uploads\/2023\/11\/DSC_7286.jpeg 800w, https:\/\/www.tsv-rugby.de\/php\/wordpress\/wp-content\/uploads\/2023\/11\/DSC_7286-300x200.jpeg 300w, https:\/\/www.tsv-rugby.de\/php\/wordpress\/wp-content\/uploads\/2023\/11\/DSC_7286-768x512.jpeg 768w\" sizes=\"auto, (max-width: 800px) 100vw, 800px\" \/><\/a><figcaption class=\"wp-element-caption\">1. XV<\/figcaption><\/figure>\n<\/div>\n\n\n<p><strong>La premi\u00e8re \u00e9quipe<\/strong> est le chef de file du TSV et \u00e9volue depuis beaucoup d\u00b4ann\u00e9es parmis les meilleures \u00e9quipes de Rugby d&#8217;Allemagne. La plupart des joueurs provient de tr\u00e8s bonnes \u00e9quipes juniors et plusieurs joueurs \u00e9trangers renforcent l&#8217;\u00e9quipe. L&#8217;objectif de cette \u00e9quipe consiste de s&#8217;\u00e9tablir parmis les meilleures \u00e9quipes du pays.<\/p>\n\n\n\n<p><strong>La deuxi\u00e8me \u00e9quipe<\/strong> consiste de jeunes joueurs talentu\u00e9s et de joueurs \u00e9xp\u00e9rienc\u00e9s qui n&#8217;\u00e9voluent plus en premi\u00e8re. Par la proximit\u00e9 de l&#8217;universit\u00e9 de Heidelberg et par la bonne r\u00e9putation du club beaucoup d&#8217;\u00e9tudiants font part de cette \u00e9quipe. \u00c0 part des objectifs sportifs cette \u00e9quipe cherche aussi le plaisir et le divertissement sur et \u00e0 cot\u00e9 du terrain (&#8222;social Rugby&#8220;). Des joueurs sans grande \u00e9xp\u00e9rience sont aussi bienvenus.<\/p>\n\n\n\n<p>Si tu es <strong>int\u00e9ress\u00e9 \u00e0 jouer pour notre club<\/strong> \u00e9cris simplement un courrier \u00e9lectric \u00e0 <a href=\"mailto:sportlicher-leiter@tsv-rugby.de\">sportlicher-leiter (at) tsv-rugby . de<\/a>.<\/p>\n\n\n\n<p><strong>Horraires pour les unit\u00e9s d\u00b4entrainement<\/strong> pour la premi\u00e8re et la deuxi\u00e8me \u00e9quipe: Mardi et jeudi de 19 \u00e0 21 heures sur <a href=\"\/bilder\/anfahrt.png\">le terrain de rugby du TSV Handschuhsheim<\/a>.<\/p>\n\n\n\n<p>En Allemagne l`\u00e9quipe \u201eTSV\u201c est connu pour ses r\u00e9ussites dans l\u2018encadrement<strong> des jeunes<\/strong>. Nous avons des \u00e9quipes pour \u00e9l\u00e8ves et jeunes de tout \u00e2ge (moins de 8 ans (U8) jusqu`\u00e0 moins de 18 ans (U18)). Si vous avez des questions concernant l\u2019\u00e9quipe \u201cJeunes\u201d veuillez contacter notre responsable Elke Bayer <a href=\"mailto:jugend@tsv-rugby.de\">(jugend (at) tsv-rugby . de). <\/a><\/p>\n\n\n\n<p><strong>Les \u201cS\u00e9niors\u201d<\/strong> sont membres de l\u2019EVRA (European Veterans Rugby Association). Si vous voulez jouer avec ou contre nos \u201cS\u00e9niors\u201d veuillez contacter notre responsable Stefan Werle <a href=\"mailto:alte-herren@tsv-rugby.de\">(alte-herren (at) tsv-rugby . de). <\/a><\/p>\n\n\n\n<p><strong>Les \u201eF\u00e9minines\u201c<\/strong> font partie de la ligue allemande du rugby \u00e0 7. Les d\u00e9butantes, vous \u00eates aussi les bienvenues! Si vous avez des questions veuillez contacter notre responsable Hansj\u00f6rg Noll <a href=\"mailto:frauen@tsv-rugby.de\">(frauen (at) tsv-rugby . de)<\/a>.<\/p>\n","protected":false},"excerpt":{"rendered":"<p>Le TSV Handschuhsheim joue avec sa premi\u00e8re \u00e9quipe dans la premi\u00e8re ligue sud (1. Bundesliga S\u00fcd) et avec sa deuxi\u00e8me \u00e9quipe dans la deuxi\u00e8me ligue&nbsp;sud (2. Bundesliga S\u00fcd). La premi\u00e8re \u00e9quipe est le chef de file du TSV et \u00e9volue depuis beaucoup d\u00b4ann\u00e9es parmis les meilleures \u00e9quipes de Rugby d&#8217;Allemagne. La plupart des joueurs provient [&hellip;]<\/p>\n","protected":false},"author":12,"featured_media":0,"parent":0,"menu_order":430,"comment_status":"closed","ping_status":"closed","template":"","meta":{"footnotes":""},"class_list":["post-1955","page","type-page","status-publish","hentry"],"_links":{"self":[{"href":"https:\/\/www.tsv-rugby.de\/php\/wordpress\/wp-json\/wp\/v2\/pages\/1955","targetHints":{"allow":["GET"]}}],"collection":[{"href":"https:\/\/www.tsv-rugby.de\/php\/wordpress\/wp-json\/wp\/v2\/pages"}],"about":[{"href":"https:\/\/www.tsv-rugby.de\/php\/wordpress\/wp-json\/wp\/v2\/types\/page"}],"author":[{"embeddable":true,"href":"https:\/\/www.tsv-rugby.de\/php\/wordpress\/wp-json\/wp\/v2\/users\/12"}],"replies":[{"embeddable":true,"href":"https:\/\/www.tsv-rugby.de\/php\/wordpress\/wp-json\/wp\/v2\/comments?post=1955"}],"version-history":[{"count":0,"href":"https:\/\/www.tsv-rugby.de\/php\/wordpress\/wp-json\/wp\/v2\/pages\/1955\/revisions"}],"wp:attachment":[{"href":"https:\/\/www.tsv-rugby.de\/php\/wordpress\/wp-json\/wp\/v2\/media?parent=1955"}],"curies":[{"name":"wp","href":"https:\/\/api.w.org\/{rel}","templated":true}]}}