{"id":1974,"date":"2013-07-25T11:12:00","date_gmt":"2013-07-25T10:12:00","guid":{"rendered":"http:\/\/www.tsv-rugby.de\/php\/wordpress\/?page_id=1974"},"modified":"2025-08-14T02:27:57","modified_gmt":"2025-08-14T00:27:57","slug":"teams-loewinnen","status":"publish","type":"page","link":"https:\/\/www.tsv-rugby.de\/php\/wordpress\/teams-loewinnen","title":{"rendered":"Teams &#8211; L\u00f6winnen"},"content":{"rendered":"\n<p><strong>Frauenrugby<\/strong> in Heidelberg Handschuhsheim:<\/p>\n\n\n<div class=\"wp-block-image\">\n<figure class=\"aligncenter\"><a href=\"http:\/\/www.tsv-rugby.de\/php\/wordpress\/wp-content\/uploads\/2013\/07\/Seite-Frauenmannschaft.jpg\"><img loading=\"lazy\" decoding=\"async\" width=\"800\" height=\"554\" src=\"http:\/\/www.tsv-rugby.de\/php\/wordpress\/wp-content\/uploads\/2013\/07\/Seite-Frauenmannschaft.jpg\" alt=\"\" class=\"wp-image-1975\" srcset=\"https:\/\/www.tsv-rugby.de\/php\/wordpress\/wp-content\/uploads\/2013\/07\/Seite-Frauenmannschaft.jpg 800w, https:\/\/www.tsv-rugby.de\/php\/wordpress\/wp-content\/uploads\/2013\/07\/Seite-Frauenmannschaft-300x207.jpg 300w\" sizes=\"auto, (max-width: 800px) 100vw, 800px\" \/><\/a><\/figure>\n<\/div>\n\n\n<p><\/p>\n\n\n<div class=\"wp-block-image\">\n<figure class=\"aligncenter\"><a href=\"https:\/\/www.tsv-rugby.de\/php\/wordpress\/wp-content\/uploads\/2023\/10\/DSC_6788-scaled.jpeg\"><img loading=\"lazy\" decoding=\"async\" width=\"800\" height=\"533\" src=\"https:\/\/www.tsv-rugby.de\/php\/wordpress\/wp-content\/uploads\/2023\/10\/DSC_6788-800x533.jpeg\" alt=\"\" class=\"wp-image-5693\" title=\"Foto: Finn Geiger\" srcset=\"https:\/\/www.tsv-rugby.de\/php\/wordpress\/wp-content\/uploads\/2023\/10\/DSC_6788-800x533.jpeg 800w, https:\/\/www.tsv-rugby.de\/php\/wordpress\/wp-content\/uploads\/2023\/10\/DSC_6788-300x200.jpeg 300w, https:\/\/www.tsv-rugby.de\/php\/wordpress\/wp-content\/uploads\/2023\/10\/DSC_6788-768x512.jpeg 768w, https:\/\/www.tsv-rugby.de\/php\/wordpress\/wp-content\/uploads\/2023\/10\/DSC_6788-1536x1024.jpeg 1536w, https:\/\/www.tsv-rugby.de\/php\/wordpress\/wp-content\/uploads\/2023\/10\/DSC_6788-2048x1365.jpeg 2048w\" sizes=\"auto, (max-width: 800px) 100vw, 800px\" \/><\/a><figcaption class=\"wp-element-caption\">Foto: Finn Geiger<\/figcaption><\/figure>\n<\/div>\n\n\n<p><\/p>\n\n\n\n<p>Wenn du Interesse hast mitzuspielen oder reinzuschnuppern, dann melde dich bei <a href=\"mailto:frauen@tsv-rugby.de\">Hansj\u00f6rg Noll<\/a>.<\/p>\n\n\n\n<p><strong>Trainingszeiten:<\/strong><\/p>\n\n\n\n<ul class=\"wp-block-list\">\n<li>Montags um 18:30 Uhr auf dem TSV-Rasenplatz neben der Jugendherberge direkt am Neckar.<\/li>\n\n\n\n<li>Mittwochs um 19 Uhr auf dem Kunstrasenplatz im Sportzentrum Nord (Tiergartenstra\u00dfe 126).<\/li>\n\n\n\n<li>Freitags um 19:00 Uhr auf dem TSV-Rasenplatz neben der Jugendherberge direkt am Neckar.<\/li>\n<\/ul>\n\n\n\n<p><strong>Trainingspausen:<\/strong><\/p>\n\n\n\n<p><\/p>\n\n\n\n<ul class=\"wp-block-list\">\n<li>Winter: Mitte Dezember bis Mitte Januar<\/li>\n<\/ul>\n\n\n\n<p>Genaueres auf Anfrage.<\/p>\n\n\n\n<p><strong>M\u00e4dchen:<\/strong><br>Nach den Regularien d\u00fcrfen M\u00e4dchen ab dem Alter von 15 Jahren bei den Frauen mitspielen.<br>F\u00fcr M\u00e4dchen von 12-14 Jahren gibt es eine eigenst\u00e4ndige Gruppe, die dienstags von 17:30 &#8211; 19:00 Uhr auf dem Rasenplatz trainiert.<\/p>\n","protected":false},"excerpt":{"rendered":"<p>Frauenrugby in Heidelberg Handschuhsheim: Wenn du Interesse hast mitzuspielen oder reinzuschnuppern, dann melde dich bei Hansj\u00f6rg Noll. Trainingszeiten: Trainingspausen: Genaueres auf Anfrage. M\u00e4dchen:Nach den Regularien d\u00fcrfen M\u00e4dchen ab dem Alter von 15 Jahren bei den Frauen mitspielen.F\u00fcr M\u00e4dchen von 12-14 Jahren gibt es eine eigenst\u00e4ndige Gruppe, die dienstags von 17:30 &#8211; 19:00 Uhr auf dem [&hellip;]<\/p>\n","protected":false},"author":12,"featured_media":0,"parent":0,"menu_order":140,"comment_status":"closed","ping_status":"closed","template":"","meta":{"footnotes":""},"class_list":["post-1974","page","type-page","status-publish","hentry"],"_links":{"self":[{"href":"https:\/\/www.tsv-rugby.de\/php\/wordpress\/wp-json\/wp\/v2\/pages\/1974","targetHints":{"allow":["GET"]}}],"collection":[{"href":"https:\/\/www.tsv-rugby.de\/php\/wordpress\/wp-json\/wp\/v2\/pages"}],"about":[{"href":"https:\/\/www.tsv-rugby.de\/php\/wordpress\/wp-json\/wp\/v2\/types\/page"}],"author":[{"embeddable":true,"href":"https:\/\/www.tsv-rugby.de\/php\/wordpress\/wp-json\/wp\/v2\/users\/12"}],"replies":[{"embeddable":true,"href":"https:\/\/www.tsv-rugby.de\/php\/wordpress\/wp-json\/wp\/v2\/comments?post=1974"}],"version-history":[{"count":0,"href":"https:\/\/www.tsv-rugby.de\/php\/wordpress\/wp-json\/wp\/v2\/pages\/1974\/revisions"}],"wp:attachment":[{"href":"https:\/\/www.tsv-rugby.de\/php\/wordpress\/wp-json\/wp\/v2\/media?parent=1974"}],"curies":[{"name":"wp","href":"https:\/\/api.w.org\/{rel}","templated":true}]}}